{"id":1360,"date":"2014-01-22T16:26:42","date_gmt":"2014-01-22T16:26:42","guid":{"rendered":"http:\/\/amscb.com\/?page_id=1360"},"modified":"2023-04-11T07:53:23","modified_gmt":"2023-04-11T07:53:23","slug":"componentes-2014","status":"publish","type":"page","link":"https:\/\/amscb.com\/?page_id=1360","title":{"rendered":"Componentes"},"content":{"rendered":"<div  id=\"section-6ld0f\" class=\"fullwidth-content ui--section clearfix cloudfw-ui-parallax-effect section-6ld0f\"><div class=\"ui--video-background-holder\"><div  class=\"ui--parallax ui--cover\" data-stellar-ratio=\"0.3\"><\/div><\/div><div  class=\"ui--section-content\"><div class=\"container\"><div  class=\"ui--animation-in make--fx--caption-bottom ui--pass clearfix\" data-fx=\"fx--caption-bottom\" data-delay=\"250\" data-start-delay=\"0\"><div class=\"ui--title ui--animation ui--title-bordered text-center\"><div class=\"ui--title-holder\"><h1 class=\"ui--title-text\" style=\"color: #0066ff !important;\">Componentes<\/h1><div style=\"border-color: #0066ff !important;\" class=\"ui--title-borders ui--title-border-left\"><\/div><div style=\"border-color: #0066ff !important;\" class=\"ui--title-borders ui--title-border-right\"><\/div><\/div><\/div><div  class=\"ui--tabs ui--tabs-mini ui--tabs-mini-vertical ui-row row clearfix position--left\"><div class=\"ui--tabs-header span3 clearfix\"><div class=\"ui--tabs-border-top\"><\/div><div class=\"ui--tabs-border-bottom\"><\/div><div class=\"\"><ul class=\"ui--tabs-titles clearfix unstyled\"><li class=\"\"><h5><a href=\"#tab-1-1\">Gui\u00f3n<\/a><\/h5><\/li><li class=\"\"><h5><a href=\"#tab-1-2\">Trompetas 1\u00aa<\/a><\/h5><\/li><li class=\"\"><h5><a href=\"#tab-1-3\">Trompetas 2\u00aa<\/a><\/h5><\/li><li class=\"\"><h5><a href=\"#tab-1-4\">Fliscornos<\/a><\/h5><\/li><li class=\"\"><h5><a href=\"#tab-1-5\">Trombones<\/a><\/h5><\/li><li class=\"\"><h5><a href=\"#tab-1-6\">Bombardinos<\/a><\/h5><\/li><li class=\"\"><h5><a href=\"#tab-1-7\">Tubas<\/a><\/h5><\/li><li class=\"\"><h5><a href=\"#tab-1-8\">Cornetas<\/a><\/h5><\/li><li class=\"\"><h5><a href=\"#tab-1-9\">Liras<\/a><\/h5><\/li><li class=\"\"><h5><a href=\"#tab-1-10\">Bateria<\/a><\/h5><\/li><\/ul><\/div><\/div><ul class=\"ui--tabs-contents span9 text-left clearfix\"><li id=\"tab-1-1\" class=\"hidden\"> <div  class=\"ui--icon-box position--left\"><span class=\"ui--icon-box-icon ui--animation\"><i class=\"ui--icon fontawesome-forward\" style=\"color: #ff0000 !important;\"><\/i><\/span><div  class=\"ui--icon-box-content\"><div  class=\"ui--animation ui--icon-box-text text-left\" data-fx=\"fx--no-effect\"><h3>\nMARIA YOLANDA FERN\u00c1NDEZ L\u00d3PEZ<\/p>\n<p>FROIL\u00c1N LAURENTINO P\u00c9REZ CARNICERO<\/p>\n<\/h3>\n<\/div><\/div><\/div> <\/li><li id=\"tab-1-2\" class=\"hidden\"> <div  class=\"ui--icon-box position--left\"><span class=\"ui--icon-box-icon ui--animation\"><i class=\"ui--icon fontawesome-forward\" style=\"color: #ff0000 !important;\"><\/i><\/span><div  class=\"ui--icon-box-content\"><div  class=\"ui--animation ui--icon-box-text text-left\" data-fx=\"fx--no-effect\"><h3>\n<p>JOSE MANUEL GONZALEZ DOMINGUEZ<\/p>\n<p>DIEGO GONZ\u00c1LEZ GONZ\u00c1LEZ<\/p>\n<p>JUAN BENAVIDES SUAREZ<\/p>\n<p>CRISTINA RECIO POLVORINOS<\/p>\n<p>SERGIO DE JUAN FERN\u00c1NDEZ<\/p>\n<p>JENI RODR\u00cdGUEZ MATANZA<\/p>\n<p>TOMAS GUTIERREZ PRIETO<\/p>\n<p>SANDRA TRANCHE FERNANDEZ<\/p>\n<p>ALICIA ALONSO RODR\u00cdGUEZ<\/p>\n<p>MONICA FLOREZ GONZALEZ<\/p>\n<p>JAVIER ANT\u00d3N DE SOTO<\/p>\n<p>LAURA RICO DE ANTA<\/p>\n<p>YLENIA ROJO CHAMORRO<\/p>\n<p>SARA RODR\u00cdGUEZ ROMANO<\/p>\n<p>EMILIO ORDO\u00d1EZ BLANCO<\/p>\n<p>DANIEL SAHELICES MART\u00cdNEZ<br \/><\/p>\n<\/div><\/div><\/div> <\/li><li id=\"tab-1-3\" class=\"hidden\"> <div  class=\"ui--icon-box position--left\"><span class=\"ui--icon-box-icon ui--animation\"><i class=\"ui--icon fontawesome-forward\" style=\"color: #ff0000 !important;\"><\/i><\/span><div  class=\"ui--icon-box-content\"><div  class=\"ui--animation ui--icon-box-text text-left\" data-fx=\"fx--no-effect\"><h3>\n<p>M\u00aa ANTONIA PEREZ SANTOS<\/p>\n<p>PILAR BERCIANO PUENTE<\/p>\n<p>SONIA GOMEZ<\/p>\n<p>JULIO DIEZ DE CASTRO<\/p>\n<p>MARIA ALONSO VALLADARES<\/p>\n<p>ITXACO ALLER GRANJA (2022)<\/p>\n<p>DIEGO FERN\u00c1NDEZ DIEZ (2022)<\/p>\n<p>MUSTA OUZAID (2022)<\/p>\n<p>SILVIA MATILLA ARIAS (2022)<br \/><\/p>\n<\/div><\/div><\/div> <\/li><li id=\"tab-1-4\" class=\"hidden\"> <div  class=\"ui--icon-box position--left\"><span class=\"ui--icon-box-icon ui--animation\"><i class=\"ui--icon fontawesome-forward\" style=\"color: #ff0000 !important;\"><\/i><\/span><div  class=\"ui--icon-box-content\"><div  class=\"ui--animation ui--icon-box-text text-left\" data-fx=\"fx--no-effect\"><h3>\n<p>NATALIA ALONSO VALLADARES<\/p>\n<p>CLAUDIA ALAIZ CANOVAS (2022)<\/p>\n<p>CRISTINA GONZALEZ DIEZ<\/p>\n<p>MIRIAM FLOREZ GONZALEZ<\/p>\n<p>IGNACIO ALONSO ARTEAGA<\/p>\n<p>ANA VICTORIA CANOVAS M\u00c9NDEZ (2022)<\/p>\n<p>JULIO JU\u00c1N ALV\u00c1REZ BLANCO (2022)<\/p>\n<p>AIDA GRACIA CAMIN<\/p>\n<p>MARLENA CARBAJO<br \/>\n<\/p>\n<\/h3>\n<\/div><\/div><\/div> <\/li><li id=\"tab-1-5\" class=\"hidden\"> <div  class=\"ui--icon-box position--left\"><span class=\"ui--icon-box-icon ui--animation\"><i class=\"ui--icon fontawesome-forward\" style=\"color: #ff0000 !important;\"><\/i><\/span><div  class=\"ui--icon-box-content\"><div  class=\"ui--animation ui--icon-box-text text-left\" data-fx=\"fx--no-effect\"><h3>\n<p>MARINA RODR\u00cdGUEZ CORRAL<\/p>\n<p>ALVARO SEN LANCHARES<\/p>\n<p>ROGELIO RODR\u00cdGUEZ M\u00c9NDEZ<\/p>\n<p>ANA GARC\u00cdA VEGA(NINA) 2020<\/p>\n<p>JULIO ALVAREZ ROBLES<\/p>\n<p>MARINA RGUEZ GUTIERREZ<\/p>\n<p>ASIER DIEZ DIEZ<\/p>\n<p>LUCIA ALAIZ CANOVAS<\/p>\n<\/h3>\n<\/div><\/div><\/div> <\/li><li id=\"tab-1-6\" class=\"hidden\"> <div  class=\"ui--icon-box position--left\"><span class=\"ui--icon-box-icon ui--animation\"><i class=\"ui--icon fontawesome-forward\" style=\"color: #ff0000 !important;\"><\/i><\/span><div  class=\"ui--icon-box-content\"><div  class=\"ui--animation ui--icon-box-text text-left\" data-fx=\"fx--no-effect\"><h3>\nRAM\u00d3N LUIS RODR\u00cdGUEZ VILLACORTA<\/p>\n<p>FERNANDO TRANCHE CALZ\u00d3N<\/p>\n<p>JOSE LUIS SU\u00c1REZ GONZ\u00c1LEZ<br \/>\n<\/p>\n<\/h3>\n<\/div><\/div><\/div> <\/li><li id=\"tab-1-7\" class=\"hidden\"> <div  class=\"ui--icon-box position--left\"><span class=\"ui--icon-box-icon ui--animation\"><i class=\"ui--icon fontawesome-forward\" style=\"color: #ff0000 !important;\"><\/i><\/span><div  class=\"ui--icon-box-content\"><div  class=\"ui--animation ui--icon-box-text text-left\" data-fx=\"fx--no-effect\"><h3>\nMIGUEL \u00c1NGEL HERN\u00c1NDEZ RODR\u00cdGUEZ<\/p>\n<p>JES\u00daS \u00c1LVAREZ LIBERATO<\/p>\n<p>ORLANDO FERNANDEZ CASAL<\/p>\n<p>TOM\u00c1S GONZ\u00c1LEZ PERTEJO<br \/>\n<\/p>\n<\/h3>\n<\/div><\/div><\/div> <\/li><li id=\"tab-1-8\" class=\"hidden\"> <div  class=\"ui--icon-box position--left\"><span class=\"ui--icon-box-icon ui--animation\"><i class=\"ui--icon fontawesome-forward\" style=\"color: #ff0000 !important;\"><\/i><\/span><div  class=\"ui--icon-box-content\"><div  class=\"ui--animation ui--icon-box-text text-left\" data-fx=\"fx--no-effect\"><h3>\n<p>TAMARA BLANCO SALAGRE<\/p>\n<p>ARACELI ALV\u00c1REZ BLANCO<\/p>\n<p>IRAIDA FERNANDEZ CASAL<\/p>\n<p>JORGE GARCIA QUINTANA<\/p>\n<p>ALBA SANCHEZ GONZ\u00c1LEZ<\/p>\n<p>JONATHAN ALV\u00c1REZ GONZ\u00c1LEZ<\/p>\n<p>MIRIAM GARC\u00cdA MORAN<\/p>\n<p>HUGO GARC\u00cdA L\u00d3PEZ<\/p>\n<p>PAULA FERNANDEZ ROMANO  <\/p>\n<p>YAIZA GONZALEZ REDONDO (2021)<\/p>\n<p>MONICA P\u00c9REZ SANZ (2022)<\/p>\n<p>MIREYA ORDO\u00d1EZ BORRAZ (2022)<\/p>\n<p>FELIX DOYAG\u00dcE IGLESIAS (2022)<\/p>\n<p>VANESA CASTILLO L\u00d3PEZ<\/p>\n<p>ERIK P\u00c9REZ FERN\u00c1NDEZ<\/p>\n<p>ANDREA REDONDO MART\u00cdNEZ<\/p>\n<\/h3>\n<\/div><\/div><\/div> <\/li><li id=\"tab-1-9\" class=\"hidden\"> <div  class=\"ui--icon-box position--left\"><span class=\"ui--icon-box-icon ui--animation\"><i class=\"ui--icon fontawesome-forward\" style=\"color: #ff0000 !important;\"><\/i><\/span><div  class=\"ui--icon-box-content\"><div  class=\"ui--animation ui--icon-box-text text-left\" data-fx=\"fx--no-effect\"><h3>\nMONICA CHAMORRO ALVAREZ<\/p>\n<p>BEATRIZ CHAMORRO ALVAREZ\t<\/p>\n<p>INMA VALLADARES GONZ\u00c1LEZ<\/p>\n<p>ROBERTO GONZ\u00c1LEZ S\u00c1NCHEZ<\/p>\n<p>AMAYA FERN\u00c1NDEZ (2022)<br \/>\n<br \/>\n<\/h3>\n<\/div><\/div><\/div> <\/li><li id=\"tab-1-10\" class=\"hidden\"> <div  class=\"ui--icon-box position--left\"><span class=\"ui--icon-box-icon ui--animation\"><i class=\"ui--icon fontawesome-forward\" style=\"color: #ff0000 !important;\"><\/i><\/span><div  class=\"ui--icon-box-content\"><div  class=\"ui--animation ui--icon-box-text text-left\" data-fx=\"fx--no-effect\"><h3>\nALEJANDRA GONZALEZ MONDELO<\/p>\n<p>J. ANGEL SANTO TOMAS RUANO<\/p>\n<p>DIEGO SANCHEZ GUTIERREZ<\/p>\n<p>BRIAN \u00c1LVAREZ GONZ\u00c1LEZ<\/p>\n<p>H\u00c9CTOR GUTI\u00c9RREZ FERN\u00c1NDEZ<\/p>\n<p>MARTA ORTEGA FERN\u00c1NDEZ<\/p>\n<p>MARTA AUTILLO PEREZ<br \/>\n<br \/>\nTRIANA FERNANDEZ TRIGUEROS<\/p>\n<p>ALVARO CAMARON GARC\u00cdA<\/p>\n<p>ZAIRA HERNANDEZ FERNANDEZ<\/p>\n<p>ALEJANDRO D\u00cdEZ GUTI\u00c9RREZ (2022)<\/p>\n<p>MARCOS ANDR\u00c9S ROBLES (2022)<\/p>\n<p>OLAYA PANTOJA LAGO (2022)<\/p>\n<p>LUCIA PELAEZ BLANCO (2022)<br \/>\n<br \/>\nOSCAR GARC\u00cdA FERN\u00c1NDEZ (2022)<\/p>\n<p>ALVARO PRADAL ALV\u00c1REZ-PRIDA (2022)<\/p>\n<p>L. ALBERTO BANDERA RODR\u00cdGUEZ<\/p>\n<p>MARIO SEN LANCHARES<\/p>\n<p>SERGIO BANDERA RODRIGUEZ<\/p>\n<p>ALEJANDRO FERNANDEZ ALONSO<\/p>\n<p>MIGUEL A. TASCON ALVAREZ<br \/>\n<br \/>\nYAROSLAF LIGACH VILLADANGOS (2022)<\/p>\n<p>ALBA VIEJO GARC\u00cdA (2022)<\/p>\n<p>PABLO SAHELICES MART\u00cdNEZ (2022)<\/p>\n<p>CARLOS HERN\u00c1NDEZ FERN\u00c1NDEZ<\/p>\n<p>I\u00d1IGO ZOTES RODR\u00cdGUEZ<\/p>\n<p>MARTIN ORTEGA MART\u00cdNEZ<\/p>\n<p>ALFREDO MART\u00cdNEZ MARCOS<br \/>\n<\/p>\n<\/h3>\n<\/div><\/div><\/div> <\/li><\/ul><\/div><\/div><\/div><\/div><\/div><!-- \/.fullwidth-container -->","protected":false},"excerpt":{"rendered":"<p>ComponentesGui\u00f3nTrompetas 1\u00aaTrompetas 2\u00aaFliscornosTrombonesBombardinosTubasCornetasLirasBateria MARIA YOLANDA FERN\u00c1NDEZ L\u00d3PEZ FROIL\u00c1N LAURENTINO P\u00c9REZ CARNICERO JOSE MANUEL GONZALEZ DOMINGUEZ DIEGO GONZ\u00c1LEZ GONZ\u00c1LEZ JUAN BENAVIDES SUAREZ CRISTINA RECIO POLVORINOS SERGIO DE JUAN FERN\u00c1NDEZ JENI RODR\u00cdGUEZ MATANZA TOMAS GUTIERREZ PRIETO SANDRA TRANCHE FERNANDEZ ALICIA ALONSO RODR\u00cdGUEZ MONICA FLOREZ GONZALEZ JAVIER ANT\u00d3N DE SOTO LAURA RICO DE ANTA YLENIA ROJO CHAMORRO SARA [&hellip;]<\/p>\n","protected":false},"author":1,"featured_media":0,"parent":0,"menu_order":0,"comment_status":"open","ping_status":"open","template":"","meta":[],"_links":{"self":[{"href":"https:\/\/amscb.com\/index.php?rest_route=\/wp\/v2\/pages\/1360"}],"collection":[{"href":"https:\/\/amscb.com\/index.php?rest_route=\/wp\/v2\/pages"}],"about":[{"href":"https:\/\/amscb.com\/index.php?rest_route=\/wp\/v2\/types\/page"}],"author":[{"embeddable":true,"href":"https:\/\/amscb.com\/index.php?rest_route=\/wp\/v2\/users\/1"}],"replies":[{"embeddable":true,"href":"https:\/\/amscb.com\/index.php?rest_route=%2Fwp%2Fv2%2Fcomments&post=1360"}],"version-history":[{"count":11,"href":"https:\/\/amscb.com\/index.php?rest_route=\/wp\/v2\/pages\/1360\/revisions"}],"predecessor-version":[{"id":628974,"href":"https:\/\/amscb.com\/index.php?rest_route=\/wp\/v2\/pages\/1360\/revisions\/628974"}],"wp:attachment":[{"href":"https:\/\/amscb.com\/index.php?rest_route=%2Fwp%2Fv2%2Fmedia&parent=1360"}],"curies":[{"name":"wp","href":"https:\/\/api.w.org\/{rel}","templated":true}]}}